 -q**3 - 16*q**2 + 141*q + 345. Give z(-2).
7
Let d(r) = 4066*r + 25892. Calculate d(-6).
1496
Let m(h) = -4885*h + 88086. What is m(18)?
156
Let n(k) = -26*k**2 + 117*k + 92. Give n(-3).
-493
Let m(t) = -5*t**3 + 19*t**2 - 25*t - 125. Determine m(4).
-241
Let d(a) = -49*a**2 - 56*a - 171. Give d(-4).
-731
Let r(o) = 3*o**3 + 81*o**2 + 412*o + 13899. Determine r(-28).
11
Let j(x) = -74082*x + 148211. Give j(2).
47
Let a(g) = 72915*g - 291575. What is a(4)?
85
Let q(x) = -x**3 - 77*x**2 - 112*x + 3102. Calculate q(-75).
252
Let d(n) = n**3 - 81*n**2 + 68*n + 252. Give d(80).
-708
Let g(j) = -1479*j - 20498. What is g(-14)?
208
Let w(y) = 704*y**2 + 5694*y + 507. What is w(-8)?
11
Let n(l) = 38*l**3 + 474*l**2 - l - 198. Determine n(-12).
2406
Let s(a) = -6*a**2 + 2288*a + 34799. What is s(396)?
-49
Let v(b) = b**2 + 126*b + 3720. Determine v(-85).
235
Let y(n) = 13954*n - 1088389. Determine y(78).
23
Let l(q) = -2*q**2 + 22*q - 161. Give l(6).
-101
Let w(b) = 7*b**3 + 56*b**2 + 76*b - 3. Determine w(-6).
45
Let x(d) = -d**3 + 18*d**2 - 30*d + 13. What is x(8)?
413
Let c(t) = -5*t**3 - 89*t**2 - 174*t + 545. Determine c(-15).
5
Let u(d) = -409696*d - 819357. Determine u(-2).
35
Let w(y) = -134*y**2 + 542*y - 421. Give w(3).
-1
Let n(f) = 5455*f + 589159. Determine n(-108).
19
Let i(l) = -l**3 - 70*l**2 - 530*l - 37102. Determine i(-70).
-2
Let l(d) = 1482*d + 74459. Calculate l(-50).
359
Let l(d) = 175*d - 19584. Give l(114).
366
Let o(x) = -270*x**3 + 7827*x**2 + 97*x + 28. Calculate o(29).
318
Let t(y) = 124*y**2 + 2907*y + 1262. Calculate t(-23).
-3
Let u(v) = -4*v**3 - 1065*v**2 + 763*v - 10141. What is u(-267)?
5
Let u(x) = 1028*x + 1926. Determine u(-2).
-130
Let d(j) = -461*j**2 + 1845*j - 7. Calculate d(4).
-3
Let o(q) = 5270*q - 47513. Give o(9).
-83
Let a(r) = -13*r**2 - 435*r - 33. Give a(-32).
575
Let c(i) = -i**3 - 120*i**2 - 11728*i - 1544129. Calculate c(-125).
-4
Let v(x) = -126*x**3 - 586*x**2 + 6*x + 30. Calculate v(-5).
1100
Let c(u) = -3137*u**2 - 432908*u - 301. Calculate c(-138).
-25
Let l(i) = 2548*i + 288246. Give l(-113).
322
Let w(p) = -575*p + 30399. Calculate w(52).
499
Let i(o) = 79632*o + 477767. Give i(-6).
-25
Let d(v) = -482*v - 681. Give d(0).
-681
Let o(a) = -a**3 - 38*a**2 + 3504*a + 138616. Determine o(-41).
-5
Let m(x) = 807*x - 9643. Give m(12).
41
Let y(v) = -513102*v - 34890947. What is y(-68)?
-11
Let m(i) = i**3 + 10*i**2 + 1278*i + 18558. What is m(-14)?
-118
Let m(h) = 6*h**2 + 132*h - 2380. Determine m(13).
350
Let n(l) = -4*l**2 + 7395*l + 36965. Determine n(-5).
-110
Let y(m) = -4*m**2 + 359*m + 4243. What is y(97)?
1430
Let y(s) = 613*s + 40. Give y(1).
653
Let b(y) = -y**3 - 42*y**2 + 514*y - 42. What is b(-51)?
-2847
Let d(h) = 3337*h - 407108. What is d(122)?
6
Let r(z) = 5*z**3 - 22*z**2 + 17*z - 14. Give r(6).
376
Let s(w) = 3135*w - 36000. Calculate s(13).
4755
Let x(k) = -4951*k - 108818. Give x(-22).
104
Let s(a) = -20*a**2 + 117*a + 1007. What is s(-7)?
-792
Let g(l) = -22931*l**2 + 114639*l + 73. Calculate g(5).
-7
Let v(u) = -14*u**2 - 386*u + 3028. What is v(8)?
-956
Let g(v) = -v**2 + 9331*v - 427223. Determine g(46).
-113
Let g(b) = -2196*b + 26662. What is g(12)?
310
Let w(y) = -y**2 + 16054*y - 64154. Calculate w(4).
46
Let i(l) = -3*l**3 + 72*l**2 - 558*l + 11780. Give i(23).
533
Let b(c) = -411*c + 41974. Determine b(102).
52
Let a(h) = -807671*h + 1615332. Determine a(2).
-10
Let a(x) = 5*x**3 + 573*x**2 + 5967*x - 720. Give a(-103).
1
Let i(j) = -822*j - 45147. Determine i(-55).
63
Let u(j) = 47*j**3 + 120*j**2 + 13*j + 68. Determine u(-4).
-1072
Let w(p) = -11*p**2 - 1202*p - 1452. What is w(-111)?
-3561
Let b(v) = -105*v**2 - 1876*v + 1875. What is b(1)?
-106
Let z(d) = -5706*d - 131242. Calculate z(-23).
-4
Let f(q) = 15*q**3 - 46*q**2 - 569*q - 179. Calculate f(8).
5
Let b(m) = -m**3 - 581*m**2 + 700*m + 68646. Calculate b(-582).
-30
Let h(q) = -153*q + 28002. What is h(183)?
3
Let r(h) = 375262*h + 1125784. What is r(-3)?
-2
Let t(f) = -18254*f + 18194. What is t(1)?
-60
Let b(n) = -n**3 - 15*n**2 + 41*n + 108. What is b(-8)?
-668
Let u(h) = 17*h - 2192. What is u(116)?
-220
Let v(z) = 2985*z**2 + 8*z + 26. Give v(0).
26
Let f(u) = -6*u**2 - 268*u - 763. What is f(-41)?
139
Let v(y) = 33590*y + 1780272. Determine v(-53).
2
Let u(x) = x**3 + 37*x**2 - 1216*x + 7532. What is u(11)?
-36
Let d(v) = 2*v**3 + 36*v**2 + 15*v - 29. What is d(-12)?
1519
Let h(x) = -41*x**3 + 6596*x**2 + 804*x + 80. Determine h(161).
-81
Let k(t) = t**3 + 259*t**2 + 16752*t - 1620. Give k(-132).
-36
Let j(k) = -80*k**2 + 6882*k - 93. Determine j(86).
79
Let y(i) = 3040284*i - 15201425. Determine y(5).
-5
Let r(z) = 7061*z - 1708753. Calculate r(242).
9
Let s(b) = 13692*b + 20277854. What is s(-1481)?
2
Let c(n) = -2*n**2 - 175*n + 3576. What is c(19)?
-471
Let x(n) = -n**3 + 64*n**2 - 14*n + 19369. Calculate x(68).
-79
Let j(y) = -2*y**3 - 42*y**2 - 79*y + 396. Give j(-18).
-126
Let w(r) = -1225*r + 47754. Determine w(39).
-21
Let u(t) = 9*t**3 - 80*t**2 - 34*t + 222. Calculate u(9).
-3
Let v(m) = 10*m**3 - 1120*m**2 - 34*m - 1392. Calculate v(112).
-5200
Let h(t) = 105*t + 2243. What is h(-16)?
563
Let b(u) = 35961*u + 1690170. What is b(-47)?
3
Let t(p) = 4*p**2 + 4074*p + 766412. Determine t(-249).
-10
Let g(c) = 3230*c + 87222. What is g(-27)?
12
Let r(a) = 9*a**3 - 4743*a**2 + 4751*a - 8946. What is r(526)?
-4
Let g(r) = 4*r**2 - 1155*r - 6293. Calculate g(294).
-119
Let b(j) = -j**3 - 31*j**2 + 33*j + 601. What is b(5)?
-134
Let o(q) = -10111*q + 636995. Determine o(63).
2
Let b(z) = 68*z**2 - 2*z + 418. Determine b(0).
418
Let u(b) = -658652*b - 3293318. What is u(-5)?
-58
Let q(l) = l**2 + 196*l + 8254. What is q(-61)?
19
Let m(y) = -414*y + 246243. What is m(594)?
327
Let x(o) = 2*o**3 + 167*o**2 + 854*o - 260. Determine x(-78).
52
Let x(s) = -s**2 + 1432*s - 7109. Determine x(5).
26
Let l(x) = 4*x**3 + 1087*x**2 - 336*x - 17418. What is l(-272)?
-10
Let d(a) = -7008*a - 20085. Determine d(-3).
939
Let g(u) = -u**2 + 913*u + 31185. Give g(-33).
-33
Let p(v) = -700429*v + 2801720. Determine p(4).
4
Let g(c) = 136084*c - 1769084. What is g(13)?
8
Let o(j) = -1176*j + 28220. What is o(24)?
-4
Let t(m) = 19*m**2 - 74*m + 181. Calculate t(4).
189
Let u(h) = 2*h**3 - 22*h**2 - 8786*h - 113. Determine u(-61).
9
Let t(b) = 4*b**3 - 79*b**2 + 11*b + 193. Determine t(19).
-681
Let i(x) = -38*x**2 + 187*x + 123. Give i(6).
-123
Let m(k) = 1024*k**2 - 108550*k + 187. What is m(106)?
-449
Let l(i) = -9*i**3 + 79*i**2 - 270*i + 1768. Calculate l(8).
56
Let a(o) = -3*o**3 - 213*o**2 - 971*o + 735. Calculate a(-66).
-519
Let w(u) = u**2 - 30*u - 1541. What is w(-27)?
-2
Let u(t) = 43500*t + 1218093. Give u(-28).
93
Let u(d) = 2*d**3 + 64*d**2 + 182*d + 13722. What is u(-35)?
2
Let l(q) = -q**3 - 27*q**2 + 467*q + 37. Determine l(-39).
76
Let o(f) = 23*f**2 + 69*f - 1620. Give o(7).
-10
Let k(v) = -341*v**2 + 13211*v + 3426. Give k(39).
-6
Let s(q) = -3389*q - 2998. Determine s(-1).
391
Let l(r) = -r**2 - 125*r - 1156. Give l(-10).
-6
Let k(g) = -g**3 + 97*g**2 + 360*g - 1511. Determine k(-6).
37
Let n(d) = -16*d**2 - 4557*d - 201699. Calculate n(-230).
11
Let a(p) = -16805*p - 302533. Give a(-18).
-43
Let v(w) = -w**3 + 3*w**2 + 383*w + 5067. Calculate v(0).
5067
Let o(j) = j**3 + 167*j**2 + 1547*j + 29. What is o(-10)?
259
Let k(j) = 90930*j - 636529. What is k(7)?
-19
Let f(l) = 93*l**2 + 53*l - 148. Determine f(4).
1552
Let y(n) = 61892*n - 557029. Give y(9).
-1
Let k(w) = -303*w + 40008. Give k(132).
12
Let a(w) = 136*w + 12845. What is a(-109)?
-1979
Let i(y) = 2*y**3 - 5*y**2 - 51*y - 176. Determine i(-4).
-180
Let w(m) = -3*m**3 + 235*m**2 - 734*m - 1196. What is w(75)?
4
Let f(h) = 46*h - 2667. Determine f(57).
-45
Let l(q) = 43*q**2 + 857*q + 12. Calculate l(0).
12
Let f(h) = 2*h**2 - 450*h + 12028. Give f(31).
0
Let i(p) = 6490*p - 242. Determine i(0).
-242
Let g(v) = -19*v**3 + 96*v**2 + 772*v + 18. What is g(-4)?
-318
Let m(i) = 2*i**3 + 236*i**2 + 17673*i + 1996238. Calculate m(-116).
-6
Let f(v) = -2*v**3 + 141*v**2 + 230*v + 9861. Calculate f(73).
6
Let x(l) = l**3 - 28*l**2 + 192*l + 166. Calculate x(18).
382
Let q(a) = 42*a**2 - 644*a + 151. Calculate q(15).
-59
Let b(j) = -10*j**3 - 